lculate the highest common divisor of 5625 and 60015.
15
What is the greatest common factor of 5147310 and 55118?
1778
Calculate the greatest common divisor of 7615008 and 576.
288
What is the highest common factor of 429663 and 54717?
897
Calculate the highest common divisor of 20027204 and 667.
23
What is the greatest common divisor of 39 and 3998894523?
39
Calculate the greatest common factor of 38312 and 192.
8
What is the highest common factor of 515398 and 358658?
922
What is the highest common divisor of 7447844 and 64?
4
What is the greatest common factor of 7537596 and 1914?
66
Calculate the highest common divisor of 600 and 4245540.
60
Calculate the highest common divisor of 1180 and 92700.
20
Calculate the greatest common divisor of 1955184 and 1524.
12
Calculate the highest common factor of 18709 and 5628232.
353
Calculate the highest common factor of 11925 and 1205856.
477
What is the highest common factor of 71306 and 155320?
706
What is the greatest common divisor of 256 and 51749824?
64
What is the highest common factor of 2898 and 7085058?
138
Calculate the highest common factor of 2727 and 8124743.
101
Calculate the highest common divisor of 458795 and 84995.
445
What is the highest common divisor of 2440 and 5327435?
305
Calculate the greatest common factor of 4215 and 9615820.
1405
Calculate the highest common factor of 30815567 and 811.
811
What is the highest common factor of 1190052305 and 2795?
2795
Calculate the highest common divisor of 10679 and 4139470.
181
Calculate the highest common factor of 46089894 and 516.
258
What is the highest common factor of 30399501 and 462?
33
What is the greatest common divisor of 21721 and 52829?
7
What is the greatest common factor of 83311731 and 1737?
1737
Calculate the greatest common factor of 1834504 and 1304128.
2296
What is the greatest common factor of 401323 and 39?
13
What is the highest common factor of 689 and 445226977?
689
Calculate the highest common factor of 316 and 7578391.
79
Calculate the greatest common factor of 1666157944 and 88.
88
Calculate the greatest common divisor of 11675624 and 16.
8
What is the greatest common factor of 22803 and 184497?
2073
What is the greatest common divisor of 14734 and 1276346?
106
What is the greatest common factor of 139677166 and 116?
58
Calculate the greatest common factor of 1064 and 41903417.
19
What is the greatest common factor of 595453166 and 44?
22
What is the highest common factor of 3773 and 2401861?
77
Calculate the highest common factor of 24175 and 74025.
25
Calculate the highest common divisor of 89349436 and 66.
22
What is the highest common factor of 36175850 and 40?
10
Calculate the highest common divisor of 32720 and 22308905.
2045
What is the highest common factor of 12737 and 427982?
47
What is the highest common divisor of 1573 and 240760234?
1573
What is the greatest common factor of 549100 and 4318?
34
Calculate the highest common divisor of 1482726 and 81270.
1806
Calculate the highest common divisor of 30567 and 14290737.
1329
Calculate the highest common factor of 34863643 and 97.
97
What is the greatest common factor of 4490564 and 32812?
52
Calculate the highest common divisor of 106464273 and 201.
201
What is the greatest common factor of 1083060 and 2090?
110
Calculate the greatest common factor of 72346870 and 426.
142
What is the highest common divisor of 11084 and 1281154?
34
Calculate the highest common divisor of 781466015 and 55.
55
Calculate the greatest common factor of 13330 and 32435610.
310
What is the greatest common factor of 41019942 and 13386?
582
What is the greatest common factor of 17860 and 4529390?
470
What is the greatest common factor of 787109 and 1833?
47
Calculate the greatest common factor of 44536 and 41343472.
2344
What is the highest common factor of 34986 and 11403?
21
What is the greatest common factor of 10429391 and 12537?
1393
Calculate the highest common factor of 39525 and 564825.
1275
What is the highest common divisor of 348959 and 221?
221
What is the highest common divisor of 2142 and 3543750?
126
Calculate the greatest common divisor of 17535869 and 143.
13
What is the greatest common factor of 18188530 and 188?
94
What is the highest common factor of 115863 and 3641?
11
Calculate the highest common divisor of 641718 and 828.
18
Calculate the highest common divisor of 138580 and 10589644.
2132
What is the greatest common factor of 438143256 and 3888?
648
What is the highest common divisor of 6 and 356679?
3
What is the highest common factor of 150 and 332644425?
75
Calculate the highest common divisor of 1248 and 25806768.
624
What is the greatest common divisor of 1454230 and 430?
10
What is the highest common factor of 23388 and 285121159?
1949
What is the highest common factor of 83512 and 224488?
88
What is the greatest common factor of 86 and 34687240?
86
What is the greatest common factor of 1920750 and 786?
6
What is the highest common factor of 245 and 8726965660?
245
What is the greatest common divisor of 174425 and 194725?
25
What is the greatest common factor of 495 and 178300485?
495
What is the greatest common divisor of 105463386 and 763?
763
What is the greatest common factor of 40512 and 968?
8
What is the highest common factor of 5789294 and 126?
14
What is the highest common factor of 52469019 and 7533?
837
What is the highest common divisor of 3717 and 374733?
9
Calculate the highest common divisor of 1247672 and 61016.
2104
What is the greatest common factor of 1823677 and 19557?
53
What is the greatest common divisor of 2092 and 6708521?
523
What is the highest common factor of 793881 and 330693?
363
Calculate the highest common factor of 19626 and 8460.
6
Calculate the highest common divisor of 6108420 and 240.
60
What is the highest common factor of 1976890 and 510?
10
What is the highest common factor of 16220 and 1231270?
10
Calculate the greatest common factor of 113912 and 493.
29
Calculate the highest common divisor of 49593137 and 55.
11
Calculate the highest common divisor of 803 and 326381.
11
What is the greatest common factor of 3677763 and 220237?
1949
Calculate the highest common divisor of 25440 and 13444245.
795
What is the greatest common divisor of 44390 and 60920?
10
Calculate the greatest common factor of 3186725 and 43.
1
What is the greatest common divisor of 331292 and 364?
52
Calculate the greatest common divisor of 27215661 and 22219.
1307
Calculate the greatest common divisor of 336 and 48863920.
112
What is the greatest common divisor of 192491 and 63583?
871
What is the highest common factor of 98524148 and 7010?
1402
Calculate the greatest common factor of 22596519 and 1122.
561
Calculate the greatest common factor of 216 and 871794.
18
What is the greatest common divisor of 94551208 and 40?
8
Calculate the highest common factor of 1158 and 475173141.
579
What is the highest common factor of 128442510 and 13365?
1215
What is the greatest common divisor of 130256 and 102816?
112
Calculate the highest common factor of 1014 and 173814.
6
What is the highest common factor of 39629139 and 341?
11
Calculate the greatest common divisor of 115976097 and 138.
69
What is the highest common factor of 8241455 and 15?
5
Calculate the greatest common factor of 168 and 12370827.
21
Calculate the greatest common divisor of 43643314 and 286.
286
What is the greatest common factor of 780691 and 13566?
323
What is the greatest common factor of 48 and 748758?
6
Calculate the highest common factor of 2685 and 464655.
15
What is the highest common divisor of 710 and 1030460?
10
What is the greatest common divisor of 486 and 3099438?
54
What is the highest common divisor of 36584 and 335648?
136
Calculate the greatest common divisor of 39171 and 87838.
1187
What is the greatest common factor of 23594 and 18518?
94
What is the greatest common factor of 5536 and 6075744?
32
Calculate the highest common factor of 4891073 and 1606.
803
What is the highest common divisor of 1027806 and 6162?
78
Calculate the highest common divisor of 1408 and 404107.
11
Calculate the greatest common factor of 5434456 and 1912.
8
Calculate the greatest common divisor of 4400 and 5423440.
880
What is the highest common factor of 3264722 and 1136?
14